i). Let f be m(-1). What is the greatest common divisor of 16 and f?
8
Let b be 10/2*22/2. Let h be 5/(-3)*-3*1. Calculate the highest common factor of b and h.
5
Suppose -2*k = -6*k + r - 129, -37 = 2*k + 5*r. Let l = -22 - k. Let w = l + 2. Calculate the greatest common factor of 121 and w.
11
Suppose u - 29 = -2*x - 1, -25 = -5*x. Calculate the greatest common factor of u and 12.
6
Suppose -4*d = d. Suppose 4*h - 10 = -d*c - c, -5*c = 5*h - 80. Calculate the greatest common divisor of 2 and c.
2
Let h be (0 + 2 - 2)*1. Suppose -4*d + 12 = -h*d. Suppose d*p + 2*p = 225. Calculate the greatest common factor of p and 5.
5
Let g(b) = -b**3 + 11*b**2 - 5*b - 12. Let s be g(9). Let x be ((-8)/14)/((-30)/s). Calculate the greatest common divisor of 3 and x.
1
Let i(t) be the second derivative of 7*t**3/6 - t**2 + 2*t. Let a be i(3). Calculate the greatest common factor of 133 and a.
19
Let f(r) = 5*r**2 + r**3 - 4 - 7*r + 7 + 0*r**3. Let d be f(-6). Calculate the highest common factor of 1 and d.
1
Let p = 28 + 17. Suppose 45 + p = 5*r. Let t be r/14 - (-14)/(-49). What is the greatest common factor of t and 2?
1
Suppose -4*g + l + 181 = 0, 43 = g + l - 6. Calculate the greatest common factor of g and 23.
23
Let d(m) = m**2 + 11. Let l be d(0). Suppose -2*t + 6*t = 16. Suppose -161 = -t*g - 5*q, -3*q - 2*q - 59 = -g. What is the highest common factor of l and g?
11
Suppose 5*j + 20 = -0*j. Let r = 9 + j. Suppose l - r*y = 12, l - 2*y - 19 = -4*y. What is the highest common divisor of 34 and l?
17
Let u = -19 + 8. Let s = 58 - 34. Let f = u + s. Calculate the greatest common divisor of 13 and f.
13
Suppose -97 + 6 = -c. Calculate the greatest common divisor of 13 and c.
13
Let o(k) = k**3 + 6*k**2 + 4*k + 3. Let r be o(-5). Suppose 69*a - 68*a - 2 = 0. What is the greatest common factor of r and a?
2
Let m(s) = 11*s**3 - 4*s**2 + 3*s - 4. Let y be m(3). What is the greatest common factor of y and 38?
38
Suppose 2*u + 15 = -u. Let t = 16 + u. Calculate the highest common divisor of 22 and t.
11
Let k be 1/(-2)*(-24 - -4). Let q be 4*(-2 - (-87)/6). Calculate the highest common factor of k and q.
10
Let a(t) = -t**3 - 6*t**2 + 4*t + 1. Let i = -21 + 14. Let g be a(i). Let w = 160 + -50. Calculate the highest common divisor of w and g.
22
Let g be 18 + 6 + -3 + -1. What is the highest common factor of g and 80?
20
Let r = -29 - -49. Calculate the highest common factor of r and 20.
20
Suppose -2*w + 3*s = -20, 4*w - s - 28 = 2*s. Let d be (1 - 37)*2/(-3). Suppose 4*k - 3*i = 18 + d, -2*i = -w. What is the highest common divisor of 6 and k?
6
Suppose t - 18 = -5*y, -18 = -2*y - 3*t - t. Let q(j) = 3*j - 15. Let w be q(10). What is the highest common divisor of w and y?
3
Let r = 4 - -9. Let j = 32 - -72. What is the greatest common divisor of r and j?
13
Let j(m) = 2*m**2 + 2*m + 2. Let f be j(-2). What is the highest common factor of 6 and f?
6
Let q = -13 - -35. Let r = -15 + 37. What is the greatest common divisor of q and r?
22
Suppose 90 = y + 4*y. Suppose 3 = -2*o + 11. Suppose -k - 28 = -5*u, 5*k - o = -u + 12. What is the greatest common factor of u and y?
6
Suppose 4*l = -s - s + 52, 3*s + 6 = 0. Let o = l - -5. What is the greatest common factor of o and 152?
19
Let k = 14 - -6. Calculate the greatest common divisor of 220 and k.
20
Let j be 8/(-36) + (-411)/(-27). Calculate the highest common factor of j and 45.
15
Suppose 0 = -2*d + 2, -62 = -7*t + 2*t - 2*d. What is the highest common divisor of t and 12?
12
Let q(k) = 2*k**2. Let z = -3 + 2. Let b be q(z). Suppose -j = 2*j - 24. What is the highest common factor of b and j?
2
Let r = 1 + 18. Suppose g - r = -6. Calculate the greatest common divisor of 91 and g.
13
Suppose 41 - 5 = 4*t. Let q(a) = 35*a + 1. Suppose -5*s = 5*z, 2*z + 2 = 3*s + 3*z. Let c be q(s). What is the greatest common factor of c and t?
9
Let c be (60/(-16))/((-3)/24). Calculate the highest common divisor of 12 and c.
6
Let h be 2/3 - 330/(-18). Calculate the highest common divisor of h and 95.
19
Let d be (-158)/(-6) - (-8)/12. Calculate the greatest common divisor of 3 and d.
3
Let w(a) = 4*a**2 + 1 + 0 + a - 4 + a**3. Let z be w(-3). Calculate the highest common factor of 27 and z.
3
Let m be (4/10)/(2/20). Suppose -26 = -3*s - 8. Let t(v) = -v**2 + 9*v - 6. Let r be t(s). Calculate the greatest common divisor of r and m.
4
Suppose 26 = 2*i - 26. Suppose -31*l = -28*l - 195. What is the greatest common factor of l and i?
13
Let g = -19 - -27. Let a be 126/g - (-2)/8. Calculate the highest common factor of a and 40.
8
Let v(m) = -3*m + 2. Let p be v(2). Suppose 4*h + 7 = -1. Let i be (p/(-2))/h - -3. Calculate the highest common divisor of 2 and i.
2
Let c be -6*(2 + 78/(-9)). Suppose 0 = -2*k - 0*k + c. Suppose 4*j - p - 3*p = 28, -j + 2*p = -4. Calculate the highest common factor of j and k.
10
Suppose 5*b = 2*b + 2*a - 14, 38 = -5*b - 4*a. Let r be 30/4*(-20)/b. Suppose r = 5*j + 4*h, h + h = j + 9. What is the greatest common factor of 8 and j?
1
Let y(a) = 3*a**2 + 6*a + 16. Let s be y(-4). Calculate the highest common factor of s and 8.
8
Suppose -58*j = -51*j - 28. Let w(p) = -16*p**3 + p**2 + 2*p + 1. Let y be w(-1). Calculate the highest common divisor of j and y.
4
Suppose -133 = -4*u + 207. What is the greatest common divisor of u and 34?
17
Let j be 93 + 5/((-20)/12). Let y = 15 - 5. What is the highest common divisor of j and y?
10
Let y(h) = 5*h**2 - 12*h - 11. Let u be y(7). What is the greatest common divisor of 15 and u?
15
Let s be (84/10)/(4/20). What is the greatest common divisor of 14 and s?
14
Let f be (8/(-5))/(3/(-150)). Let q be (-7 + 1)*f/(-12). Calculate the highest common factor of q and 8.
8
Let u = 6 - -1. What is the highest common divisor of 7 and u?
7
Suppose q + 2 = f - 3, -3*f + 22 = 4*q. Let i be (-40)/f*30/(-25). Calculate the greatest common divisor of i and 32.
8
Suppose -3*c = 5*h - 50, 2*h - 38 = -5*c + 1. Calculate the greatest common divisor of h and 56.
7
Let h = 3 + 0. What is the greatest common divisor of h and 12?
3
Suppose 32 = -3*z + 62. Suppose -4*h - 12 = -72. Calculate the greatest common factor of h and z.
5
Let r = 58 - 38. Calculate the greatest common divisor of 140 and r.
20
Let j = 9 + -25. Let b be 4 - (3 - j/(-4)). Calculate the greatest common divisor of b and 25.
5
Suppose -6*o = -2*o - 48. What is the highest common factor of 8 and o?
4
Let n(t) be the second derivative of t**4/3 + t**3/2 + t. Let v be n(-2). What is the greatest common factor of 70 and v?
10
Let h(x) be the first derivative of -x + 1. Let q(d) = d - 1. Let b(a) = -3*h(a) + q(a). Let n be b(5). What is the greatest common factor of n and 49?
7
Let j(s) = -s**3 + 8*s**2 + 2*s + 19. Let b be j(8). Suppose -4*d + f = 3, 3*d + 5*f = 6*d - 2. Let x = 6 - d. Calculate the greatest common factor of x and b.
7
Suppose -5*w - 2 + 27 = 0, -5*m - 4*w = 0. Let j = m + 9. Calculate the highest common factor of j and 1.
1
Let c be 48/3 - (3 + -2). Calculate the greatest common divisor of 120 and c.
15
Suppose -5*i + 3*i = 2*c - 38, -79 = -4*i - c. Calculate the highest common divisor of 50 and i.
10
Let o(s) = 2*s**2 - 2*s. Let g be o(-7). Suppose -3*a + 2*n = -g - 58, 115 = 2*a - n. Calculate the greatest common factor of a and 12.
12
Suppose -a - 2*d + 316 = 0, -4 + 12 = 4*d. Let g = a + -132. What is the highest common divisor of 20 and g?
20
Let i = -47 - -89. Suppose 5*g - 60 = -5*r, 2*r - 29 - 37 = -5*g. What is the highest common factor of g and i?
14
Let s(z) = -z**3 + 4*z**2 + 3*z + 4. Let u be s(3). Let t = -13 + u. What is the greatest common divisor of 6 and t?
3
Let s = 79 - 62. What is the greatest common divisor of 68 and s?
17
Suppose 0 = z - 50 - 39. Suppose 4*x + 0*i - z = 3*i, 2*i = -4*x + 94. Calculate the highest common divisor of x and 184.
23
Let w be ((-5)/20)/((-1)/8). Suppose 5*i - 4*j = -3*j + 124, 0 = w*j + 8. What is the highest common divisor of 120 and i?
24
Let w(p) = -3*p**2 + 6*p - 5. Let u be w(3). Let o be 16/3*(-21)/u. What is the highest common factor of 1 and o?
1
Let v(w) = w**2 + 11*w + 11. Let o be v(-9). Let k = 12 + o. Calculate the greatest common divisor of 35 and k.
5
Let c(x) = -x + 6. Let w be c(6). Suppose -3*q - 2*d + 193 = 2*d, w = 5*q + 5*d - 